divided by h?
19
Suppose 2*x - 10*h + h - 108 = 0, 4*h = 2*x - 138. Calculate the remainder when x is divided by 34.
13
Let g be (-14)/(-35) + 144/(-60). Suppose -3*f + 38 = -2*f. What is the remainder when f is divided by 4 + 0 + 14 + -6 + g?
8
Calculate the remainder when 296 is divided by 969/9 - (-48)/(-72).
82
Let m(c) = -58*c - 2067. Calculate the remainder when 395 is divided by m(-39).
5
Suppose 3*l - 4 = -7, 4*l = -2*v - 4. Let z(g) = -g**2 + 2*g + 184. Calculate the remainder when z(v) is divided by 31.
29
Let b(d) = 2*d + 3. Let q be b(3). Suppose 89 + 64 = 3*r. Suppose -k + 81 = 2*p, 0 = -p - k - q + r. What is the remainder when p is divided by 16?
7
Suppose -2 = l, 4*l + 29 = i + l. Calculate the remainder when (-4)/((6 - 4) + 226/(-111)) is divided by i.
19
Let a = 28523 - 27840. Calculate the remainder when a is divided by 11.
1
Suppose -96 = -1065*z + 1059*z. Calculate the remainder when 401 is divided by z.
1
Let w be (-157)/(-3) - 4/(-6). Let f be (-1 - 2) + (w - -5). Suppose -45 = -2*q + 2*b + 3*b, -5*b = 3*q - f. What is the remainder when 79 is divided by q?
19
Suppose 0 = 3*s + 428 - 1289. Suppose 2440*q - 3*v + 168 = 2444*q, -24 = 3*v. What is the remainder when s is divided by q?
47
Let u be 1*-6 - ((-5)/(-5) + -11). What is the remainder when 144/u + -2 + 5 is divided by 16?
7
Let j(x) = -2*x + 2. Let f(n) = 21*n - 29. Let m(i) = -f(i) - 5*j(i). What is the remainder when m(-6) is divided by -29*2/(-1 + -1)?
27
Suppose 0 = -20*j - 13*j - 21384. Let o = -399 - j. Calculate the remainder when o is divided by 14.
11
Let w = -11807 + 30844. Calculate the remainder when w is divided by 170.
167
Let s(t) = t**3 - 7*t**2 + 3. Let h(u) = 10*u**2 + 2*u - 1. Let c be h(1). Let y = -9 + c. What is the remainder when s(7) is divided by y?
1
Calculate the remainder when 92 + (-15)/((-60)/(-16)) is divided by 0 + -9*(0 + -2).
16
Let v(i) = -1831*i + 3691. Suppose 2*p = -4*c + 12, 0 = -4*p - 5*c + 21. Suppose p*z = 3*z + 5. What is the remainder when v(2) is divided by z?
4
Let z(g) = 5*g - 1. Let y(m) = -10*m - 197. Let b(c) = -y(c) + 5*z(c). Let n(p) = 3*p**2 - 2*p - 2. What is the remainder when b(-4) is divided by n(-2)?
10
Calculate the remainder when 724 is divided by ((-15096)/15)/(-34) + 6/(-10).
28
Suppose 14*r + 25 - 473 = 0. Suppose 0 = 3*a - 24 - 18. Calculate the remainder when r is divided by a.
4
Let b(c) = -20*c - 165. Let t(y) = 47*y + 330. Let f(z) = -5*b(z) - 3*t(z). What is the remainder when f(-6) is divided by 44?
37
Let u(y) = -229*y - 6484. What is the remainder when u(-30) is divided by 252?
134
Let c = 7421 + -7269. What is the remainder when 565 is divided by c?
109
Let g = 6276 - 5192. Calculate the remainder when g is divided by 67.
12
Suppose 2512*c = 2490*c + 37092. What is the remainder when c is divided by 561?
3
Suppose 0 = -2*w + 18 + 2. Suppose 5*d - 5*m = w, -3*d - 3*m + 7*m + 6 = 0. Calculate the remainder when 39 is divided by d.
1
Let j(r) = -4*r + 1. Let q be j(-1). Suppose 0 = q*w + 16*w - 21. What is the remainder when 2 is divided by w?
0
Calculate the remainder when 137 is divided by (426/(-71))/(2/(-38)).
23
Let k be 6 + -1 - (51 + -6 + 5). Suppose -g = 35 - 4. Let n = g - k. What is the remainder when 38 is divided by n?
10
Suppose 47*j - 19 = 28*j. Suppose 10*p - 191 = -j. Calculate the remainder when 49 is divided by p.
11
Suppose y = 1 + 4. Let n = -722 - -501. Let u = 248 + n. What is the remainder when u is divided by y?
2
Let x(a) = -a**3 - 25*a**2 - 7*a - 22. What is the remainder when x(-25) is divided by 2/(-4)*(-47 + 3)?
21
Suppose 3*w - 3*k = -21, 5*k - 5 = -5*w - 0*k. What is the remainder when 14 is divided by (w - 2) + 15 + -4?
2
Let t = -442 - -617. What is the remainder when ((-39)/(-1))/(7 - t/28) is divided by 15?
7
Let j = 23 - 16. Let p be 2/((-7902)/(-17415) + (-4)/9). Suppose j*u = 12*u - p. What is the remainder when u is divided by 9?
7
Suppose 263*m - 105*m - 42028 = 0. Calculate the remainder when m is divided by 3/1*(14 + 1).
41
Let l(m) = m**2 + 10*m - 23. Let n be l(-12). Let q(a) = 3*a**3 - a**2. Calculate the remainder when q(n) is divided by -1 - -2 - 0/2.
0
Suppose 117*s + n = 115*s + 27, 0 = -3*s - n + 38. What is the remainder when (46 - 0) + 2 - -3 is divided by s?
7
Suppose -1195*v + 1435 = -1200*v. Suppose 3*g - y - 18 - 41 = 0, g = -y + 21. What is the remainder when g is divided by (28/49)/(v/98 - -3)?
4
Let z = 72 - 70. Let n(d) = -26 - 8*d**2 - d**3 - 4*d**z - 7*d + 7*d**2. Calculate the remainder when n(-6) is divided by 19.
14
Let x be 9/4 - 5/20. Suppose 3 = 3*o + x*f + 10, 0 = 4*o + 2*f + 6. Calculate the remainder when (6/(-2))/(35*(-88)/3080) is divided by o.
0
Let x = -1819 - -1872. Let k(m) = m**3 - 2*m. Let p be k(2). Suppose w = -p*l + 72, -3*l = -6*l - 3*w + 54. What is the remainder when x is divided by l?
17
Let j(r) = -56*r + 748. What is the remainder when (-665)/(-7) - (2 + -4) is divided by j(13)?
17
Suppose -11*c + 8*c = 315. Let k = c - -119. Calculate the remainder when 41 is divided by k.
13
Let p(x) = 2*x**2 - 4*x - 6. Suppose -74*u = -70*u - 124. Suppose u = -2*i + 5*m, -3*i + 6*m - 24 = 3*m. Calculate the remainder when 95 is divided by p(i).
23
Let r(d) = 688*d - 884. Calculate the remainder when r(4) is divided by 11.
9
Let g(o) = 3*o**3 - 5*o**2 + o - 1. Let b be g(2). Suppose -19*d = -18*d + b. What is the remainder when d/7 + 1 + (-3852)/(-42) is divided by 32?
28
Let i = -10571 - -10713. Calculate the remainder when 286 is divided by i.
2
Let r(b) = 56*b**2 + 54*b - 48. Calculate the remainder when r(-10) is divided by 88.
84
Let h(j) = 9*j**2 - 30*j - 7. What is the remainder when 1017 is divided by h(4)?
14
Suppose 2*y - 22 = -38. Suppose 2*k - 7*k - 4*z = -46, 3*z = -3*k + 30. Calculate the remainder when k is divided by y*(45/(-10) + 4).
2
Let q(d) = -5*d. Let x(p) = 3*p**2 + 863*p + 13862. Calculate the remainder when x(-17) is divided by q(-4).
18
Let x = 225 + -152. Suppose 6*k = x - 19. Suppose 2*o = k*o - 161. Calculate the remainder when 114 is divided by o.
22
Let l = -7 + 15. Let q(c) = -c**2 + 29*c - 87. What is the remainder when q(24) is divided by l?
1
Let r be 64/(-96)*((-695)/(-2) - -2). Let p = r + 238. Calculate the remainder when 148 is divided by p.
3
Let x(b) = b**2 + 5*b - 48. Let l be x(-10). Suppose 3*u - 15 = -3*g, 0 = -g - 5*u - l - 1. What is the remainder when 28 is divided by g?
0
Suppose -o + 28 - 23 = 0. Suppose o*m - 3*m + 16 = 0. Calculate the remainder when (126/m)/(-3) - (-8)/(-32) is divided by 4.
1
Let x = 4790 + -4142. Calculate the remainder when 1304 is divided by x.
8
Let v(a) = 7*a - 21. Let i be ((-20)/3)/2*93/(-62). What is the remainder when 51 is divided by v(i)?
9
Let z(p) = -2*p**3 + 191*p**2 - 280*p - 98. Calculate the remainder when z(94) is divided by 33.
24
Suppose 5*k - 838 - 997 = -3*w, w - 2*k = 619. What is the remainder when w is divided by 215?
185
Let x = 96 + -53. Let b = -619217 - -619387. What is the remainder when b is divided by x?
41
Let c = -24725 + 25070. Suppose -2*s - 2*s + 232 = 0. What is the remainder when c is divided by s?
55
Suppose 4 = -2*p, 6*p - 219 = a + 4*p. Let k = a - -345. What is the remainder when 250 is divided by k?
6
Let h = -4 + 5. Let q be (-3 - (3 - 6))/4. Suppose -10 = -8*w + 3*w - f, q = -3*w + 2*f + 19. What is the remainder when w is divided by h?
0
Suppose 124*x = 125*x - 4*k - 70, 6*x + 3*k = 177. Calculate the remainder when 1430 is divided by x.
2
Let i = -30 + 36. Let j(s) be the first derivative of s**2 + 17*s - 69. What is the remainder when 86 is divided by j(i)?
28
Suppose -2*c + 17*c - 1850 = -10*c. Suppose p = 3*y - 70, 0 = 4*p - 3*y - 154 + 389. Let d = -30 - p. Calculate the remainder when c is divided by d.
24
Let f(r) = 21*r**2 - r - 1. Let b be (-2)/23 - (-189189)/(-897). Let k = 336 + b. What is the remainder when k is divided by f(-1)?
20
Let d(r) = -33 + 8*r - 6 - 26 - 4 - 4. Calculate the remainder when d(10) is divided by 1.
0
Calculate the remainder when (-5 - -13) + 15224/44 is divided by 92.
78
Suppose 8*m - 36 = 4*m. Let k(b) = -b**3 + 3. Let j be k(0). Suppose 0 = -f - r + 35, -4*f + j*r - m = -142. Calculate the remainder when f is divided by 9.
7
Let o be -194 + 4/2 + (-11 - -14). Calcula